{"id":481,"date":"2019-06-05T15:04:05","date_gmt":"2019-06-05T13:04:05","guid":{"rendered":"http:\/\/f6flu.crx.cloud\/blog\/?page_id=481"},"modified":"2019-06-05T15:04:05","modified_gmt":"2019-06-05T13:04:05","slug":"ministere-de-la-culture-et-de-la-communication","status":"publish","type":"page","link":"https:\/\/dlavocat.crx.cloud\/?page_id=481","title":{"rendered":"Paris 1 : Minist\u00e8re de la culture et de la communication"},"content":{"rendered":"\n<p>3, rue de Valois, 75001 Paris 1er<\/p>\n\n\n\n<figure class=\"wp-block-image\"><img src=\"http:\/\/f6flu.crx.cloud\/blog\/wp-content\/uploads\/2019\/06\/ministere-communication-@zoetnet-e1471267779385.jpg\" alt=\"\" class=\"wp-image-225\"\/><figcaption>Minist\u00e8re de la culture<\/figcaption><\/figure>\n\n\n\n<p>Sa robe d\u00e9coup\u00e9e aux reflets argent\u00e9s se remarque de loin et nous laisse\n curieux&nbsp;: mais que peut-il bien se cacher derri\u00e8re cet immense <strong>entrelacs de motifs s\u2019\u00e9tendant sur 5000m2<\/strong>\n ? Nous vous donnons la r\u00e9ponse&nbsp;: les minist\u00e8res de la Culture et de la \nCommunication. L\u2019artiste Francis Soler a relev\u00e9 la mission p\u00e9rilleuse \nd\u2019unifier deux immeubles totalement disparates, pour en faire un seul et\n unique \u00eelot. Il <strong>s\u2019est inspir\u00e9 d\u2019une fresque italienne de la Renaissance<\/strong>\n pour dessiner au laser cette \u0153uvre \u00abl\u00e9g\u00e8re et envahissante, jamais \nencombrante\u00bb comme il la d\u00e9crit lui-m\u00eame&nbsp;! Gageons que celle-ci pla\u00eet \naux occupants de l\u2019immeuble car, \u00e0 l\u2019image des moucharabiehs arabes, \nelle permet de voir l\u2019ext\u00e9rieur sans \u00eatre vus&nbsp;!<\/p>\n","protected":false},"excerpt":{"rendered":"<p>3, rue de Valois, 75001 Paris 1er Sa robe d\u00e9coup\u00e9e aux reflets argent\u00e9s se remarque de loin et nous laisse<a href=\"https:\/\/dlavocat.crx.cloud\/?page_id=481\" class=\"more-link\"><span class=\"more-button\">Suite &#8230;<span class=\"screen-reader-text\">Paris 1 : Minist\u00e8re de la culture et de la communication<\/span><\/span><\/a><\/p>\n","protected":false},"author":2,"featured_media":0,"parent":0,"menu_order":0,"comment_status":"closed","ping_status":"closed","template":"","meta":[],"_links":{"self":[{"href":"https:\/\/dlavocat.crx.cloud\/index.php?rest_route=\/wp\/v2\/pages\/481"}],"collection":[{"href":"https:\/\/dlavocat.crx.cloud\/index.php?rest_route=\/wp\/v2\/pages"}],"about":[{"href":"https:\/\/dlavocat.crx.cloud\/index.php?rest_route=\/wp\/v2\/types\/page"}],"author":[{"embeddable":true,"href":"https:\/\/dlavocat.crx.cloud\/index.php?rest_route=\/wp\/v2\/users\/2"}],"replies":[{"embeddable":true,"href":"https:\/\/dlavocat.crx.cloud\/index.php?rest_route=%2Fwp%2Fv2%2Fcomments&post=481"}],"version-history":[{"count":0,"href":"https:\/\/dlavocat.crx.cloud\/index.php?rest_route=\/wp\/v2\/pages\/481\/revisions"}],"wp:attachment":[{"href":"https:\/\/dlavocat.crx.cloud\/index.php?rest_route=%2Fwp%2Fv2%2Fmedia&parent=481"}],"curies":[{"name":"wp","href":"https:\/\/api.w.org\/{rel}","templated":true}]}}